f 3?
False
Does 26 divide 9967?
False
Is 102 a multiple of 10?
False
Is 69 a factor of 20286?
True
Does 94 divide 15134?
True
Is 3822 a multiple of 4?
False
Does 52 divide 22048?
True
Is 9182 a multiple of 23?
False
Does 7 divide 35?
True
Is 5 a factor of 2737?
False
Does 41 divide 12705?
False
Is 1555 a multiple of 5?
True
Does 30 divide 900?
True
Is 717 a multiple of 2?
False
Does 88 divide 792?
True
Does 319 divide 22011?
True
Is 14 a factor of 3603?
False
Is 12789 a multiple of 203?
True
Is 47108 a multiple of 120?
False
Is 6004 a multiple of 59?
False
Does 33 divide 12765?
False
Is 112 a multiple of 8?
True
Is 37752 a multiple of 24?
True
Is 1830 a multiple of 30?
True
Does 7 divide 1281?
True
Does 3 divide 61?
False
Is 822 a multiple of 6?
True
Is 918 a multiple of 54?
True
Is 2108 a multiple of 34?
True
Does 25 divide 6475?
True
Does 8 divide 11597?
False
Does 12 divide 38226?
False
Is 23451 a multiple of 235?
False
Is 8 a factor of 2296?
True
Is 16 a factor of 1344?
True
Is 1925 a multiple of 25?
True
Is 162876 a multiple of 21?
True
Is 4 a factor of 1593?
False
Does 5 divide 520?
True
Is 48 a factor of 27936?
True
Is 993 a multiple of 20?
False
Is 6 a factor of 1234?
False
Is 36927 a multiple of 36?
False
Is 11 a factor of 365?
False
Is 9825 a multiple of 131?
True
Is 25 a factor of 9886?
False
Is 249 a factor of 73542?
False
Is 14 a factor of 238?
True
Does 41 divide 2084?
False
Is 1722 a multiple of 6?
True
Is 102 a factor of 6324?
True
Is 46 a multiple of 19?
False
Does 32 divide 96?
True
Is 7982 a multiple of 13?
True
Is 21 a factor of 3024?
True
Is 351 a multiple of 27?
True
Does 187 divide 135791?
False
Is 52 a factor of 6552?
True
Is 5439 a multiple of 21?
True
Does 33 divide 99?
True
Does 122 divide 14780?
False
Is 450 a multiple of 5?
True
Is 8236 a multiple of 20?
False
Is 1170 a multiple of 18?
True
Is 121 a factor of 5173?
False
Does 11 divide 67023?
True
Is 7806 a multiple of 34?
False
Is 588 a multiple of 21?
True
Is 546 a multiple of 14?
True
Does 253 divide 66390?
False
Is 3100 a multiple of 50?
True
Is 9 a factor of 2259?
True
Is 10 a factor of 15120?
True
Does 29 divide 10165?
False
Is 111 a factor of 4773?
True
Is 192 a multiple of 4?
True
Is 22275 a multiple of 9?
True
Does 30 divide 120?
True
Does 54 divide 411?
False
Does 4 divide 37?
False
Does 70 divide 162904?
False
Is 19344 a multiple of 4?
True
Is 12630 a multiple of 15?
True
Does 31 divide 434?
True
Is 2956 a multiple of 2?
True
Is 568 a multiple of 6?
False
Is 670 a multiple of 20?
False
Is 53 a factor of 159?
True
Does 165 divide 60705?
False
Is 9412 a multiple of 181?
True
Does 8 divide 145?
False
Does 61 divide 7991?
True
Is 22 a factor of 1496?
True
Is 31 a factor of 541?
False
Is 39 a factor of 121?
False
Does 10 divide 490?
True
Does 8 divide 295?
False
Does 25 divide 12300?
True
Does 20 divide 160?
True
Is 32 a multiple of 32?
True
Is 2488 a multiple of 8?
True
Is 6390 a multiple of 45?
True
Is 31 a factor of 31990?
False
Does 17 divide 5015?
True
Does 3 divide 78?
True
Is 18177 a multiple of 7?
False
Is 10416 a multiple of 42?
True
Is 14 a factor of 742?
True
Does 30 divide 2021?
False
Is 20 a factor of 4177?
False
Is 123 a factor of 43050?
True
Is 57728 a multiple of 44?
True
Is 13736 a multiple of 34?
True
Does 98 divide 3270?
False
Is 5 a factor of 500?
True
Is 28245 a multiple of 21?
True
Is 4 a factor of 3448?
True
Is 5292 a multiple of 27?
True
Does 184 divide 128432?
True
Is 1810 a multiple of 15?
False
Is 7 a factor of 6577?
False
Is 69237 a multiple of 21?
True
Is 14 a factor of 36036?
True
Does 188 divide 10273?
False
Is 58 a factor of 133110?
True
Does 9 divide 3042?
True
Is 224 a factor of 47264?
True
Is 4 a factor of 8?
True
Does 10 divide 100?
True
Does 23 divide 40624?
False
Does 17 divide 819?
False
Is 18624 a multiple of 183?
False
Is 43 even?
False
Is 636 a multiple of 12?
True
Is 623 a multiple of 102?
False
Is 40 a factor of 43200?
True
Is 1398 a multiple of 40?
False
Is 2051 a multiple of 77?
False
Is 37 a factor of 18497?
False
Does 15 divide 24639?
False
Does 17 divide 2380?
True
Is 846 a multiple of 6?
True
Is 11 a factor of 3855?
False
Does 8 divide 4888?
True
Is 56281 a multiple of 7?
False
Is 428 a multiple of 11?
False
Does 5 divide 535?
True
Is 12 a factor of 7752?
True
Does 39 divide 5460?
True
Is 14623 a multiple of 126?
False
Does 12 divide 4260?
True
Is 711 a multiple of 3?
True
Does 41 divide 17453?
False
Does 5 divide 61?
False
Does 20 divide 6000?
True
Does 25 divide 834?
False
Is 6 a factor of 852?
True
Is 3754 a multiple of 10?
False
Does 28 divide 4452?
True
Does 3 divide 603?
True
Is 215 a factor of 41280?
True
Is 35 a factor of 105?
True
Is 59 a factor of 2065?
True
Is 27 a factor of 343?
False
Does 9 divide 1441?
False
Is 49 a factor of 29253?
True
Is 81 a factor of 3891?
False
Is 162 a factor of 4334?
False
Is 536 a multiple of 33?
False
Does 12 divide 1680?
True
Is 363 a multiple of 13?
False
Does 5 divide 1625?
True
Is 6030 a multiple of 90?
True
Is 60 a multiple of 10?
True
Does 29 divide 9573?
False
Does 131 divide 7729?
True
Is 56 a factor of 32256?
True
Is 65 a factor of 2210?
True
Is 37 a factor of 410?
False
Does 17 divide 2703?
True
Is 8 a factor of 1656?
True
Is 49 a factor of 1225?
True
Is 24 a factor of 1032?
True
Is 37 a factor of 2060?
False
Is 67 a factor of 9621?
False
Is 21 a factor of 14044?
False
Does 12 divide 960?
True
Is 881 a multiple of 32?
False
Does 24 divide 1398?
False
Is 26 a factor of 5538?
True
Is 620 a multiple of 37?
False
Is 792 a multiple of 34?
False
Is 10 a factor of 1710?
True
Is 16 a factor of 3261?
False
Is 38 a factor of 152?
True
Is 31 a factor of 186?
True
Does 6 divide 1511?
False
Is 24 a factor of 816?
True
Is 10 a factor of 870?
True
Is 22 a factor of 8909?
False
Does 54 divide 6652?
False
Is 14 a factor of 102782?
False
Is 82 even?
True
Is 468 a multiple of 25?
False
Is 141 a factor of 20163?
True
Is 1188 a multiple of 36?
True
Does 60 divide 511?
False
Does 35 divide 128940?
True
Is 95 a factor of 41040?
True
Is 9 a factor of 125955?
True
Does 165 divide 70744?
False
Is 420 a multiple of 14?
True
Is 3384 a multiple of 70?
False
Is 25935 a multiple of 95?
True
Does 161 divide 8251?
False
Is 9 a factor of 21?
False
Is 3904 a multiple of 244?
True
Is 34 a multiple of 2?
True
Does 7 divide 35?
True
Does 28 divide 1512?
True
Is 56 a factor of 15344?
True
Is 26 a factor of 780?
True
Is 13570 a multiple of 16?
False
Is 11 a factor of 3377?
True
Is 131 a multiple of 13?
False
Does 23 divide 1058?
True
Is 102 a factor of 1205?
False
Is 3 a factor of 8013?
True
Does 7 divide 21?
True
Does 13 divide 624?
True
Does 66 divide 12540?
True
Is 551 a multiple of 29?
True
Does 3 divide 117?
True
Is 240 a factor of 21120?
True
Is 43758 a multiple of 102?
True
Does 103 divide 35226?
True
Is 5 a factor of 1575?
True
Is 60 a multiple of 30?
True
Is 7 a factor of 13328?
True
Is 31 a factor of 28491?
False
Is 1500 a multiple of 12?
True
Is 5 a factor of 20117?
False
Is 24 a factor of 2329?
False
Is 3305 a multiple of 8?
False
Does 6 divide 35808?
True
Does 6 divide 12515?
False
Is 39 a factor of 1982?
False
Does 16 divide 1464?
False
Does 8 divide 232?
True
Is 88 a multiple of 51?
False
Does 130 divide 14170?
True
Is 132 a multiple of 16?
False
Is 1933 a multiple of 22?
False
Does 217 divide 93961?
True
Is 939 a multiple of 21?
False
Is 376 a multiple of 6?
False
Is 132 a multiple of 7?
False
Is 10927 a multiple of 22?
False
Is 178 a factor of 75828?
True
Does 125 divide 6212?
False
Is 81130 a multiple of 133?
True
Is 39 a factor of 46254?
True
Is 63 a multiple of 63?
True
Does 56 divide 7504?
True
Does 14 divide 756?
True
Is 20 a multiple of 6?
False
Is 386 a multiple of 31?
False
Is 8243 a multiple of 47?
False
Does 2 divide 161?
False
Is 1954 a multiple of 100?
False
Is 521 a multiple of 21?
False
Is 2248 a multiple of 15?
False
Is 19 a factor of 7999?
True
Is 4 a factor of 540?
True
Is 8 a factor of 1200?
True
Is 17697 a multiple of 51?
True
Does 4 divide 1166?
False
Is 13413 a multiple of 23?
False
Does 8 divide 522?
False
Is 12 a factor of 138492?
True
Does 15 divide 19125?
True
Does 40 divide 5480?
True
Is 7020 a multiple of 45?
True
Does 46 divide 774?
False
Is 1246 a m